ommon factor of 14356 and 148?
148
What is the highest common factor of 124 and 434?
62
Calculate the highest common divisor of 265 and 95.
5
What is the highest common factor of 200 and 225?
25
Calculate the highest common factor of 20 and 6170.
10
What is the highest common divisor of 210 and 90?
30
Calculate the highest common divisor of 6291 and 1165.
233
Calculate the highest common factor of 533 and 123.
41
Calculate the greatest common factor of 228 and 18069.
57
Calculate the highest common divisor of 493 and 29.
29
Calculate the greatest common factor of 21 and 3.
3
What is the greatest common divisor of 85 and 527?
17
Calculate the greatest common divisor of 2492 and 1513.
89
Calculate the greatest common divisor of 609 and 21.
21
What is the highest common divisor of 63 and 24507?
63
What is the greatest common divisor of 12 and 25716?
12
What is the highest common divisor of 38 and 16986?
38
Calculate the greatest common divisor of 12 and 1284.
12
Calculate the greatest common divisor of 22022 and 52.
26
Calculate the highest common factor of 23 and 1081.
23
What is the greatest common factor of 3255 and 420?
105
Calculate the greatest common factor of 9 and 4122.
9
What is the highest common factor of 4 and 8?
4
Calculate the greatest common divisor of 238 and 14.
14
What is the highest common divisor of 365 and 145?
5
Calculate the greatest common divisor of 140 and 41930.
70
Calculate the highest common divisor of 4675 and 220.
55
What is the greatest common factor of 58 and 145?
29
What is the greatest common divisor of 7139 and 121?
121
Calculate the highest common divisor of 165 and 2871.
33
Calculate the highest common divisor of 2190 and 10.
10
Calculate the greatest common factor of 375 and 14125.
125
What is the greatest common factor of 20 and 5470?
10
Calculate the greatest common factor of 124 and 6.
2
What is the greatest common factor of 156 and 12?
12
What is the highest common factor of 425 and 1600?
25
Calculate the highest common factor of 50 and 590.
10
What is the highest common factor of 2040 and 120?
120
Calculate the greatest common factor of 2057 and 363.
121
Calculate the greatest common divisor of 322 and 14.
14
Calculate the highest common factor of 1593 and 27.
27
Calculate the highest common divisor of 851 and 46.
23
What is the highest common divisor of 25 and 1150?
25
Calculate the highest common factor of 1970 and 40.
10
What is the highest common divisor of 403 and 62?
31
What is the greatest common factor of 319 and 11?
11
Calculate the greatest common factor of 255 and 170.
85
Calculate the highest common divisor of 114 and 18.
6
What is the greatest common factor of 20 and 1250?
10
Calculate the greatest common divisor of 100 and 1350.
50
What is the highest common divisor of 50 and 30?
10
Calculate the highest common divisor of 67 and 8.
1
Calculate the highest common factor of 34 and 7786.
34
Calculate the greatest common factor of 609 and 105.
21
Calculate the highest common factor of 11 and 869.
11
Calculate the greatest common divisor of 15 and 2865.
15
What is the greatest common divisor of 16856 and 196?
196
Calculate the greatest common divisor of 1118 and 52.
26
What is the greatest common factor of 12 and 3?
3
What is the highest common factor of 6 and 402?
6
What is the greatest common divisor of 155 and 31?
31
What is the greatest common factor of 176 and 216?
8
Calculate the highest common divisor of 9 and 3555.
9
What is the greatest common factor of 366 and 488?
122
What is the greatest common divisor of 1 and 97?
1
What is the greatest common divisor of 777 and 111?
111
Calculate the highest common divisor of 35 and 28.
7
Calculate the greatest common divisor of 87 and 3.
3
What is the greatest common divisor of 141 and 2679?
141
Calculate the greatest common divisor of 9 and 9.
9
Calculate the highest common divisor of 13354 and 44.
22
Calculate the greatest common divisor of 9 and 747.
9
Calculate the greatest common divisor of 3 and 3792.
3
What is the highest common factor of 329 and 427?
7
Calculate the greatest common factor of 6102 and 54.
54
What is the greatest common factor of 216 and 1000?
8
What is the greatest common factor of 44 and 5764?
44
What is the highest common factor of 17 and 4913?
17
Calculate the greatest common divisor of 18 and 4743.
9
What is the highest common divisor of 1207 and 142?
71
What is the highest common divisor of 129 and 5633?
43
What is the greatest common factor of 75 and 9?
3
Calculate the greatest common divisor of 220 and 121.
11
What is the greatest common divisor of 374 and 33?
11
What is the highest common factor of 374 and 170?
34
Calculate the highest common divisor of 1280 and 40.
40
What is the highest common divisor of 42 and 609?
21
Calculate the greatest common factor of 444 and 24.
12
Calculate the highest common factor of 302 and 45753.
151
What is the highest common factor of 255 and 5270?
85
Calculate the highest common divisor of 20 and 930.
10
Calculate the greatest common divisor of 885 and 30.
15
Calculate the greatest common divisor of 172 and 172.
172
Calculate the highest common divisor of 432 and 1188.
108
What is the highest common divisor of 26 and 351?
13
What is the greatest common factor of 122 and 2?
2
What is the highest common factor of 780 and 325?
65
Calculate the highest common factor of 63 and 3423.
21
Calculate the greatest common divisor of 204 and 24.
12
What is the highest common factor of 442 and 2618?
34
What is the greatest common divisor of 164 and 9266?
82
What is the highest common divisor of 180 and 24?
12
What is the greatest common divisor of 17 and 3383?
17
Calculate the greatest common factor of 140 and 700.
140
What is the greatest common factor of 119 and 119?
119
Calculate the highest common factor of 55 and 15.
5
Calculate the highest common divisor of 1007 and 53.
53
Calculate the greatest common divisor of 28967 and 83.
83
What is the highest common divisor of 3 and 10?
1
What is the greatest common factor of 87 and 174?
87
What is the greatest common factor of 11 and 22?
11
What is the greatest common factor of 104 and 8?
8
Calculate the greatest common factor of 378 and 567.
189
Calculate the greatest common divisor of 2522 and 130.
26
Calculate the greatest common factor of 513 and 27.
27
Calculate the highest common factor of 6419 and 524.
131
What is the greatest common divisor of 3785 and 5?
5
Calculate the highest common divisor of 730 and 240.
10
What is the greatest common factor of 15 and 2535?
15
Calculate the highest common divisor of 45 and 45.
45
What is the greatest common factor of 39 and 65?
13
What is the highest common factor of 12 and 6?
6
Calculate the highest common divisor of 32544 and 192.
96
What is the highest common factor of 261 and 29?
29
What is the highest common divisor of 22 and 16?
2
Calculate the greatest common divisor of 39 and 5291.
13
Calculate the highest common divisor of 130 and 2830.
10
Calculate the greatest common factor of 3526 and 688.
86
Calculate the highest common divisor of 32 and 28.
4
Calculate the greatest common divisor of 3 and 4659.
3
What is the highest common divisor of 3267 and 135?
27
What is the greatest common factor of 3082 and 536?
134
Calculate the highest common divisor of 312 and 14118.
78
What is the highest common divisor of 664 and 30212?
332
Calculate the highest common divisor of 5 and 365.
5
Calculate the highest common divisor of 12 and 882.
6
What is the greatest common divisor of 275 and 75?
25
Calculate the highest common factor of 54 and 12447.
27
Calculate the greatest common factor of 1950 and 250.
50
Calculate the highest common divisor of 11 and 55.
11
What is the highest common divisor of 159 and 237?
3
What is the highest common divisor of 4302 and 18?
18
Calculate the highest common divisor of 4125 and 33.
33
Calculate the highest common factor of 27 and 169.
1
Calculate the greatest common divisor of 1116 and 10788.
372
What is the greatest common divisor of 6270 and 66?
66
What is the highest common factor of 93 and 279?
93
What is the greatest common divisor of 8 and 4628?
4
What is the highest common factor of 1298 and 59?
59
Calculate the highest common factor of 115 and 45.
5
What is t